{"id":60,"date":"2020-02-11T11:53:44","date_gmt":"2020-02-11T11:53:44","guid":{"rendered":"http:\/\/schell-lutz.de\/?page_id=60"},"modified":"2020-02-11T16:16:15","modified_gmt":"2020-02-11T16:16:15","slug":"about","status":"publish","type":"page","link":"https:\/\/lutz-schell.de\/index.php\/about\/","title":{"rendered":"Unsere Unternehmensgeschichte"},"content":{"rendered":"\n<p>Das Familienunternehmen besteht seit seiner Gr\u00fcndung 1959 f\u00fcr mehr als 50 Jahre in famili\u00e4rer F\u00fchrung. Durch eine\u00a0 weitsichtige und stetige Entwicklung konnte sich die Immobilienverwaltung damals von einem Kleidereinzelhandel  zu nun mehreren Mehrfamilienliegenschaften entwickeln.<\/p>\n\n\n\n<figure class=\"wp-block-image size-large\"><img decoding=\"async\" loading=\"lazy\" width=\"1024\" height=\"779\" src=\"https:\/\/lutz-schell.de\/wp-content\/uploads\/2020\/02\/Scannable-Dokument-am-24.09.2019-16_25_55-1024x779.png\" alt=\"\" class=\"wp-image-155\" srcset=\"https:\/\/lutz-schell.de\/wp-content\/uploads\/2020\/02\/Scannable-Dokument-am-24.09.2019-16_25_55-1024x779.png 1024w, https:\/\/lutz-schell.de\/wp-content\/uploads\/2020\/02\/Scannable-Dokument-am-24.09.2019-16_25_55-300x228.png 300w, https:\/\/lutz-schell.de\/wp-content\/uploads\/2020\/02\/Scannable-Dokument-am-24.09.2019-16_25_55-768x584.png 768w, https:\/\/lutz-schell.de\/wp-content\/uploads\/2020\/02\/Scannable-Dokument-am-24.09.2019-16_25_55-1536x1168.png 1536w, https:\/\/lutz-schell.de\/wp-content\/uploads\/2020\/02\/Scannable-Dokument-am-24.09.2019-16_25_55-2048x1558.png 2048w\" sizes=\"(max-width: 767px) 89vw, (max-width: 1000px) 54vw, (max-width: 1071px) 543px, 580px\" \/><figcaption>Die B\u00fcror\u00e4umlichkeiten ca. 1959<\/figcaption><\/figure>\n\n\n\n<p><\/p>\n\n\n\n<p><\/p>\n\n\n\n<p>Die Lutz GmbH &amp; Co. KG steht daher f\u00fcr eine nachhaltige sowie langfristige Entwicklung im Immobilienbau und setzt sich zum Ziel modernes und energieeffizientes Wohnen f\u00fcr die Bewohner Freilassings zu erm\u00f6glichen.<\/p>\n\n\n\n<figure class=\"wp-block-image size-large\"><img decoding=\"async\" loading=\"lazy\" width=\"1024\" height=\"682\" src=\"https:\/\/lutz-schell.de\/wp-content\/uploads\/2020\/02\/Foto-am-24.09.2019-18_06_10-1024x682.jpg\" alt=\"\" class=\"wp-image-141\" srcset=\"https:\/\/lutz-schell.de\/wp-content\/uploads\/2020\/02\/Foto-am-24.09.2019-18_06_10-1024x682.jpg 1024w, https:\/\/lutz-schell.de\/wp-content\/uploads\/2020\/02\/Foto-am-24.09.2019-18_06_10-300x200.jpg 300w, https:\/\/lutz-schell.de\/wp-content\/uploads\/2020\/02\/Foto-am-24.09.2019-18_06_10-768x512.jpg 768w, https:\/\/lutz-schell.de\/wp-content\/uploads\/2020\/02\/Foto-am-24.09.2019-18_06_10-1536x1023.jpg 1536w, https:\/\/lutz-schell.de\/wp-content\/uploads\/2020\/02\/Foto-am-24.09.2019-18_06_10-2048x1364.jpg 2048w\" sizes=\"(max-width: 767px) 89vw, (max-width: 1000px) 54vw, (max-width: 1071px) 543px, 580px\" \/><figcaption>2020 &#8211; Umbau zum \u00c4rztezentrum und Ausbau des B\u00fcros<\/figcaption><\/figure>\n","protected":false},"excerpt":{"rendered":"<p>Das Familienunternehmen besteht seit seiner Gr\u00fcndung 1959 f\u00fcr mehr als 50 Jahre in famili\u00e4rer F\u00fchrung. Durch eine\u00a0 weitsichtige und stetige Entwicklung konnte sich die Immobilienverwaltung damals von einem Kleidereinzelhandel zu nun mehreren Mehrfamilienliegenschaften entwickeln. Die Lutz GmbH &amp; Co. KG steht daher f\u00fcr eine nachhaltige sowie langfristige Entwicklung im Immobilienbau und setzt sich zum Ziel &hellip; <\/p>\n<p class=\"link-more\"><a href=\"https:\/\/lutz-schell.de\/index.php\/about\/\" class=\"more-link\">Continue reading<span class=\"screen-reader-text\"> &#8220;Unsere Unternehmensgeschichte&#8221;<\/span><\/a><\/p>\n","protected":false},"author":1,"featured_media":145,"parent":0,"menu_order":0,"comment_status":"closed","ping_status":"closed","template":"","meta":[],"_links":{"self":[{"href":"https:\/\/lutz-schell.de\/index.php\/wp-json\/wp\/v2\/pages\/60"}],"collection":[{"href":"https:\/\/lutz-schell.de\/index.php\/wp-json\/wp\/v2\/pages"}],"about":[{"href":"https:\/\/lutz-schell.de\/index.php\/wp-json\/wp\/v2\/types\/page"}],"author":[{"embeddable":true,"href":"https:\/\/lutz-schell.de\/index.php\/wp-json\/wp\/v2\/users\/1"}],"replies":[{"embeddable":true,"href":"https:\/\/lutz-schell.de\/index.php\/wp-json\/wp\/v2\/comments?post=60"}],"version-history":[{"count":3,"href":"https:\/\/lutz-schell.de\/index.php\/wp-json\/wp\/v2\/pages\/60\/revisions"}],"predecessor-version":[{"id":159,"href":"https:\/\/lutz-schell.de\/index.php\/wp-json\/wp\/v2\/pages\/60\/revisions\/159"}],"wp:featuredmedia":[{"embeddable":true,"href":"https:\/\/lutz-schell.de\/index.php\/wp-json\/wp\/v2\/media\/145"}],"wp:attachment":[{"href":"https:\/\/lutz-schell.de\/index.php\/wp-json\/wp\/v2\/media?parent=60"}],"curies":[{"name":"wp","href":"https:\/\/api.w.org\/{rel}","templated":true}]}}

<p>Das Familienunternehmen besteht seit seiner Gründung 1959 für mehr als 50 Jahre in familiärer Führung. Durch eine  weitsichtige und stetige Entwicklung konnte sich die Immobilienverwaltung damals von einem Kleidereinzelhandel  zu nun mehreren Mehrfamilienliegenschaften entwickeln.</p>



<figure class="wp-block-image size-large"><img decoding="async" loading="lazy" width="1024" height="779" src="https://lutz-schell.de/wp-content/uploads/2020/02/Scannable-Dokument-am-24.09.2019-16_25_55-1024x779.png" alt="" class="wp-image-155" srcset="https://lutz-schell.de/wp-content/uploads/2020/02/Scannable-Dokument-am-24.09.2019-16_25_55-1024x779.png 1024w, https://lutz-schell.de/wp-content/uploads/2020/02/Scannable-Dokument-am-24.09.2019-16_25_55-300x228.png 300w, https://lutz-schell.de/wp-content/uploads/2020/02/Scannable-Dokument-am-24.09.2019-16_25_55-768x584.png 768w, https://lutz-schell.de/wp-content/uploads/2020/02/Scannable-Dokument-am-24.09.2019-16_25_55-1536x1168.png 1536w, https://lutz-schell.de/wp-content/uploads/2020/02/Scannable-Dokument-am-24.09.2019-16_25_55-2048x1558.png 2048w" sizes="(max-width: 767px) 89vw, (max-width: 1000px) 54vw, (max-width: 1071px) 543px, 580px" /><figcaption>Die Büroräumlichkeiten ca. 1959</figcaption></figure>



<p></p>



<p></p>



<p>Die Lutz GmbH &amp; Co. KG steht daher für eine nachhaltige sowie langfristige Entwicklung im Immobilienbau und setzt sich zum Ziel modernes und energieeffizientes Wohnen für die Bewohner Freilassings zu ermöglichen.</p>



<figure class="wp-block-image size-large"><img decoding="async" loading="lazy" width="1024" height="682" src="https://lutz-schell.de/wp-content/uploads/2020/02/Foto-am-24.09.2019-18_06_10-1024x682.jpg" alt="" class="wp-image-141" srcset="https://lutz-schell.de/wp-content/uploads/2020/02/Foto-am-24.09.2019-18_06_10-1024x682.jpg 1024w, https://lutz-schell.de/wp-content/uploads/2020/02/Foto-am-24.09.2019-18_06_10-300x200.jpg 300w, https://lutz-schell.de/wp-content/uploads/2020/02/Foto-am-24.09.2019-18_06_10-768x512.jpg 768w, https://lutz-schell.de/wp-content/uploads/2020/02/Foto-am-24.09.2019-18_06_10-1536x1023.jpg 1536w, https://lutz-schell.de/wp-content/uploads/2020/02/Foto-am-24.09.2019-18_06_10-2048x1364.jpg 2048w" sizes="(max-width: 767px) 89vw, (max-width: 1000px) 54vw, (max-width: 1071px) 543px, 580px" /><figcaption>2020 &#8211; Umbau zum Ärztezentrum und Ausbau des Büros</figcaption></figure>

<p>Das Familienunternehmen besteht seit seiner Gründung 1959 für mehr als 50 Jahre in familiärer Führung. Durch eine  weitsichtige und stetige Entwicklung konnte sich die Immobilienverwaltung damals von einem Kleidereinzelhandel zu nun mehreren Mehrfamilienliegenschaften entwickeln. Die Lutz GmbH &amp; Co. KG steht daher für eine nachhaltige sowie langfristige Entwicklung im Immobilienbau und setzt sich zum Ziel &hellip; </p>
<p class="link-more"><a href="https://lutz-schell.de/index.php/about/" class="more-link">Continue reading<span class="screen-reader-text"> &#8220;Unsere Unternehmensgeschichte&#8221;</span></a></p>
